**2 + 4*f**2 + 0*f**2 - 1 - 5*f**3. Let w = -83 - -82. Calculate u(w).
5
Let l(f) = -8*f + 3*f + 4 + 2*f. Calculate l(6).
-14
Let k(g) = -g**3 - 29*g**2 - 30*g - 32. Let b be k(-28). Let f = b + -22. Let x(n) = -n**2 + 2*n**2 - 3*n + 3 + 0*n. Determine x(f).
1
Let q(r) be the second derivative of -r**5/20 - r**4/3 - r**3/6 - 9*r**2/2 + 360*r. Give q(-4).
-5
Let y be (-3)/(-18) + (-2)/((-24)/58). Suppose -2*s = 4*h + 6, -3*s - s - 38 = -y*h. Let m(i) = i**3 + 7*i**2 - 4. What is m(s)?
-4
Let w(r) = -10*r - r**2 + 5*r**2 + 2*r**2 - 10 - 7*r**2. Give w(-7).
11
Let u(i) = -4*i - 1. Let a be u(-1). Suppose 0 = d - 5*c - 1 + 3, -a*d + 11 = 2*c. Let j(h) = 7*h**d - 3 + 1 + h - 6*h**3 - 6*h**2. Give j(6).
4
Suppose -4*x - 18 = 2*d, -x - 6 = -d + 2*x. Let h(y) be the first derivative of y**2/2 - 4*y + 84. Determine h(d).
-7
Let m(t) = -t**2 + 2*t + 2. Let r(l) = -l. Let a = 11 + -12. Let p(g) = -g**2 - 9*g - 8. Let c(y) = a*p(y) - 2*r(y). Let x be c(-10). Determine m(x).
-6
Let u = 0 + -4. Let g = -73 - -75. Let h(j) = -2*j - 3 + 2 + 7*j + 2 + j**g. Determine h(u).
-3
Let s = -152 + 144. Let j(m) = -m**3 - 10*m**2 - 15*m + 5. What is j(s)?
-3
Let v(g) = -g**2 - 18*g. Let y(r) = -r**2 - 15*r + 2. Let k(c) = -3*v(c) + 4*y(c). Calculate k(-6).
8
Let k(z) = z + 10. Let w(a) = 19*a - 140. Let q be w(7). Calculate k(q).
3
Let w(o) = 4*o**3 + 2*o**3 - o**2 + 2*o**3 - o - 7*o**3 + 2*o**2 + 39. What is w(0)?
39
Let g(n) = n**3 + 10*n**2 + 9*n - 6. Let c(y) = y**3 + 21*y**2 - 29*y - 163. Let q be c(-22). Calculate g(q).
-6
Let f(y) be the first derivative of y**4/4 - y**3 - 2*y**2 + y + 7. Let g be -6*7/(14/(-9)). Let m = -24 + g. Calculate f(m).
-11
Let h(u) = 7*u**2 - 15*u - 28. Let z(y) = 10*y**2 - 22*y - 40. Let o(c) = 7*h(c) - 5*z(c). Determine o(5).
4
Suppose v = -4*v. Let l(o) = 3*o**2 + 3*o - 20. Let j(d) = d**2 + d - 7. Let i be (1 + 1)/(12/24). Let n(m) = i*l(m) - 11*j(m). Determine n(v).
-3
Let i be 2/4*(4 + -6)*8. Let c(y) = -y**3 - 9*y**2 - 10*y + 11. Give c(i).
27
Let j = -34 + 37. Let t(n) = 8*n**2 - 1 - 2*n**2 + n - n**j - 7*n**2. Determine t(1).
-2
Let o(x) = x**2 - 3*x + 3. Let n(a) = -a**2 + 10. Let h be n(0). Suppose -d + 2 = m, 3*d + h*m - 6 = 8*m. Give o(d).
1
Let m(t) be the first derivative of t**4/4 + 4*t**3/3 - t**2/2 + 3*t - 466. Determine m(-4).
7
Let f(h) = 5*h - 24*h**2 + 11*h**2 + 14*h**2. Suppose u - 1 = 7. Let m = u + -14. What is f(m)?
6
Let s(l) = l - 3. Let c(i) = -i**2 - 5*i + 5. Let k be 3/(-2) - 70/20. Let y be c(k). Suppose -4*u + 3*u + o = 1, -3*u + y*o + 1 = 0. What is s(u)?
-6
Suppose 4*t = 0, v - 4*t = -86 + 89. Let b(u) = -4*u**2 + 10*u + 2. Calculate b(v).
-4
Let p(l) = -l + 2. Let h be ((-4)/6 - 2)/(2/(-3)). Suppose 0 = -h*m - x - 21, -9*x + 4*x = 2*m + 33. Give p(m).
6
Let h(p) = 13*p + 1. Let n be 4/10*15/(-6). Give h(n).
-12
Let v(g) = -g**3 + 3*g**2 - 3. Let o be v(3). Let w(h) be the first derivative of -h**3/3 - h**2/2 - 802. Calculate w(o).
-6
Let a(v) = v - 4. Suppose y + 5 = -5. Give a(y).
-14
Let u(s) = -s**2. Let i(x) = x**3 + 2*x**2 + 3*x + 4. Let v(c) = i(c) - 2*u(c). What is v(-3)?
4
Let v(g) = -g**2 - 5*g - 1. Let m(h) = 2*h**2 - 10*h + 4. Let u be m(8). Suppose -4*s - 29 = 3*x, 0*x + 3*s = -5*x - u. Let y = 5 + x. Give v(y).
-7
Let g = 38 + -25. Let d = g - 15. Let l(u) = 2*u - 2. Determine l(d).
-6
Let r(i) be the second derivative of -1/24*i**4 - 5*i**2 + 0 - 2/3*i**3 + 6*i. Let v(l) be the first derivative of r(l). Determine v(5).
-9
Let u(w) = -31*w - 60. Let b(s) = 16*s + 30. Let t(l) = 11*b(l) + 6*u(l). Let y(n) = 7*n + 20. Let k(q) = 5*t(q) + 7*y(q). Determine k(-11).
1
Let i = -379 - -392. Let y(q) = -q**3 + 14*q**2 - 14*q + 1. Calculate y(i).
-12
Let t(n) = 4*n**2 - 113*n + 25. Let w be t(28). Let c(q) = -q**3 - 7*q**2 - 2*q + 3. Give c(w).
-27
Let d(o) be the second derivative of -4*o**3/3 + 2*o**2 - 62*o. Give d(5).
-36
Let v(b) = -b - 2. Let d = 173 - 165. Calculate v(d).
-10
Let j(t) = t**2 + 2. Suppose -5*q = x - 6, q + 2 = 3*x - 0. Let a(b) = -b**2 - 21*b + 18. Let k be a(-22). Let f = k + q. What is j(f)?
11
Let w(i) = 5*i**3 - 8*i**2 + i + 6. Let r(m) = -3*m**3 + 7*m**2 - m - 5. Let p(c) = -7*r(c) - 6*w(c). Let l = 1 + 0. Give p(l).
-10
Let c(l) = l**3 - l + 1. Let b(v) = v**3 - 3*v**2 - 4*v + 3. Suppose 13 = 4*f + 9. Let q(n) = f*b(n) - 2*c(n). Determine q(-4).
25
Let b(d) = -d**2 - 2*d - 24. Suppose -5*w = -2*w + 4*x, -x = 2*w. Calculate b(w).
-24
Let m(k) be the second derivative of -k**5/4 - k**4/12 - k**3/3 - k**2/2 + 41*k. Give m(-1).
5
Let j(b) be the second derivative of b**5/20 + 2*b**4/3 - 10*b**3/3 - b**2 - 25*b + 2. Give j(-10).
-2
Let q(j) = 3*j**3 + j - 1. Let f(z) = -16*z**3 - 7*z**2 - 8*z + 5. Let b(n) = f(n) + 5*q(n). Give b(-6).
-18
Let n(b) = b**3 + b**2 - 2*b - 3. Suppose -19*g + 1 = -56. Give n(g).
27
Suppose 0 = -2*h + 5*a - 8, -h + 0*a = -a - 2. Let d(c) = -2*c**2 + 14*c - 7. What is d(h)?
5
Let j be (-13 - -11)*(-10)/4. Suppose 2*k - 3*k - 30 = -5*v, 3*k = j*v - 30. Let f(x) = 3*x - 9. What is f(v)?
9
Let n(y) be the first derivative of -y**2 + 5*y - 653. Let j(m) = m**3 + 4*m**2 + m - 1. Let t be j(-3). Give n(t).
-5
Let b(m) be the first derivative of -m**4/4 + 4*m**3/3 + 2*m - 603. Give b(3).
11
Let f(c) = -c + 2. Let r = -180 + 140. Let g = r + 44. Determine f(g).
-2
Suppose 4*g + 8 = 4*x, 1 - 9 = -4*x. Let w(k) = 3*k**2 + 3*k. Let d(m) = -m**2 - m - 2. Let v(n) = -4*d(n) - w(n). Determine v(g).
8
Let k(s) = s**2 - 5. Let b be 2/(-4)*(4 + -4). Suppose b*g = -4*g. Suppose 4*h + 0*y - 2*y = 0, 4*h + 4*y = g. Calculate k(h).
-5
Let u = 121 + -118. Let a(w) = w + 5*w + u*w - 4*w. Give a(-3).
-15
Let p(s) be the second derivative of -s**4/12 - s**3/3 - 3*s**2/2 - 2*s + 190. What is p(3)?
-18
Let u(v) be the second derivative of -v**4/12 - v**3/2 + v**2/2 + 31*v. What is u(-4)?
-3
Let f(n) = n**2 + 9*n + 1. Suppose 4*q + 3*a = -33, 38 - 6 = -4*q - 4*a. Determine f(q).
1
Let p be (-1952)/88 + 4/22. Let t(r) = r**2 + 24*r + 39. Let x be t(p). Let v(w) = w**2 + 7*w + 7. Determine v(x).
-3
Let y(w) = w**3 + 14*w**2 + 8*w + 14. Let r(t) = 4*t**3 + 58*t**2 + 33*t + 58. Let m(a) = 2*r(a) - 9*y(a). Give m(-9).
-37
Let s(w) = 3*w**3 - w**2 - 8*w - 2. Let r(l) = 4*l**3 - 9*l - 1. Let j(d) = -4*r(d) + 5*s(d). Let m = -502 + 498. What is j(m)?
-6
Let c(h) = 4*h**2 + 2*h + 1. Let i be -4*(1 - (-9)/(-6)). Give c(i).
21
Suppose 3*k - 2 = 2*k. Let a(n) = -2*n**2 + 2158*n - 1 - 1079*n - 1080*n + 3*n**3. What is a(k)?
13
Suppose -2*j = -3 - 1. Let h(c) = c + 2 - j + 2. Suppose -z + 4*g = 2, 5*g = 10 - 0. Calculate h(z).
8
Let r(p) be the third derivative of -p**5/120 - 5*p**4/24 - 5*p**3/6 + 7*p**2. Let f(i) be the first derivative of r(i). Give f(4).
-9
Let q(g) = -g + 2. Let i be (1044/870)/(1 - (-12)/(-10)). Determine q(i).
8
Let i = 116 - 113. Let a(j) = -21*j - i + 20*j + 10 - j**2. Give a(-5).
-13
Let i(r) be the first derivative of -r**4/4 - 10*r**3/3 - 4*r**2 + 7*r - 2. Suppose -3 = v + 6. Let m be i(v). Let o(b) = b**3 - b**2 - 2*b - 3. Calculate o(m).
-11
Let m(q) = 8*q + 11. Let y(l) = -11*l - 16. Let k(p) = 7*m(p) + 5*y(p). Calculate k(8).
5
Let v(r) = -r**2 - 14*r + 6. Let i(f) = -2*f**2 - 16*f + 3. Let h(x) = 2*i(x) - 3*v(x). Calculate h(6).
12
Let q(g) = g**3 - 2*g**2 + g + 1. Let t = -4 + 5. Let v be -3*t + (-33 - -12). Let i = -22 - v. Give q(i).
3
Let m(p) be the second derivative of -p**3/3 - 9*p**2 + 103*p. What is m(-6)?
-6
Let c = -10 - -14. Suppose 0 = 3*x + c*y - 6 + 2, -x - 2*y + 2 = 0. Let u(q) = -q**2 - q - 1. Let i(r) = 5*r**2 + 4*r - 8. Let f(v) = i(v) + 4*u(v). Give f(x).
-12
Let d(p) = 4*p**3 + 6 + 7*p + 2 + 8*p**2 - 13*p**2 - 5*p**3. Give d(-6).
2
Let o(h) be the second derivative of h**5/20 - h**4/6 + h**2/2 + 118*h. Give o(2).
1
Let y(s) = -11*s + 18. Let v(h) = 6*h - 10. Let j(r) = 7*v(r) + 4*y(r). What is j(2)?
-2
Let u(f) = 2*f + 16. Let v = 25 + -32. Let q be u(v). Let n(p) = 3*p. What is n(q)?
6
Suppose 5*d - 2*d = -x - 20, -x - 5 = 0. Let l(p) = p**3 + 5*p**2 - 6*p + 2. What is l(d)?
32
Let r(s) = s**3 + 12*s**2 + 34*s - 1. Suppose -69*m = -250 + 733. Give r(m).
6
Let k(a) = 276*a**2 - 6 - 5*a + 276*a**2 - 551*a**2. What is k(6)?
0
Let u(f) = -18*f**2 - 26*f + 11. Let j(b) = -9*b**2 - 12*b + 5. Let t(q) = -13*j(q) + 6*u(q). What is t(-